{"id":3130,"date":"2024-06-19T15:39:59","date_gmt":"2024-06-19T13:39:59","guid":{"rendered":"https:\/\/www.van-dyck-antwerpen.be\/home\/sud\/kmska\/rubens-et-van-dyck-le-coup-de-lance\/"},"modified":"2025-08-23T16:42:38","modified_gmt":"2025-08-23T14:42:38","slug":"rubens-et-van-dyck-le-coup-de-lance","status":"publish","type":"page","link":"https:\/\/www.van-dyck-antwerpen.be\/fr\/home\/sud\/kmska\/rubens-et-van-dyck-le-coup-de-lance\/","title":{"rendered":"Rubens et van Dyck : le Coup de lance"},"content":{"rendered":"\t\t<div data-elementor-type=\"wp-page\" data-elementor-id=\"3130\" class=\"elementor elementor-3130 elementor-849\">\n\t\t\t\t<div class=\"elementor-element elementor-element-ad42995 e-flex e-con-boxed e-con e-parent\" data-id=\"ad42995\" data-element_type=\"container\" data-e-type=\"container\">\n\t\t\t\t\t<div class=\"e-con-inner\">\n\t\t\t\t<div class=\"elementor-element elementor-element-dbf73d7 elementor-widget elementor-widget-heading\" data-id=\"dbf73d7\" data-element_type=\"widget\" data-e-type=\"widget\" data-widget_type=\"heading.default\">\n\t\t\t\t<div class=\"elementor-widget-container\">\n\t\t\t\t\t<h2 class=\"elementor-heading-title elementor-size-default\">Pierre Paul Rubens et Anthony van Dyck : Coup de lance<\/h2>\t\t\t\t<\/div>\n\t\t\t\t<\/div>\n\t\t\t\t\t<\/div>\n\t\t\t\t<\/div>\n\t\t<div class=\"elementor-element elementor-element-16ec065 e-flex e-con-boxed e-con e-parent\" data-id=\"16ec065\" data-element_type=\"container\" data-e-type=\"container\">\n\t\t\t\t\t<div class=\"e-con-inner\">\n\t\t\t\t<div class=\"elementor-element elementor-element-a10a6b6 elementor-widget elementor-widget-text-editor\" data-id=\"a10a6b6\" data-element_type=\"widget\" data-e-type=\"widget\" data-widget_type=\"text-editor.default\">\n\t\t\t\t<div class=\"elementor-widget-container\">\n\t\t\t\t\t\t\t\t\t<p style=\"text-align: justify;\"><strong><span style=\"color: #008000;\">Commencez votre visite \u00e0 la salle 2.2 (salle Rubens)<\/span><\/strong><\/p>\n<p><a href=\"http:\/\/van-dyck-antwerpen.be\/wp-content\/uploads\/151P-KMSKA-AVD-PPR-Lanssteek.jpg\"><img fetchpriority=\"high\" decoding=\"async\" class=\"wp-image-667 size-medium alignleft\" src=\"http:\/\/van-dyck-antwerpen.be\/wp-content\/uploads\/151P-KMSKA-AVD-PPR-Lanssteek-221x300.jpg\" alt=\"\" width=\"221\" height=\"300\" srcset=\"https:\/\/www.van-dyck-antwerpen.be\/wp-content\/uploads\/151P-KMSKA-AVD-PPR-Lanssteek-221x300.jpg 221w, https:\/\/www.van-dyck-antwerpen.be\/wp-content\/uploads\/151P-KMSKA-AVD-PPR-Lanssteek.jpg 755w\" sizes=\"(max-width: 221px) 100vw, 221px\" \/><\/a><em>En tant que r\u00e9sidence, nous parlons de la Maison <strong>de<\/strong> Rubens, en tant qu\u2019atelier, Maison Rubens &amp; Compagnie sonnerait mieux. Qui a peint quoi, en fait ? <\/em><\/p>\n<hr \/>\n<p><\/p>\n<p style=\"text-align: justify;\">Le catalogue de 1988 cite, parmi les \u0153uvres de Rubens, un \u2018<em>Christ crucifi\u00e9 entre deux malfaiteurs\u2019<\/em>, connu comme \u2018<em>Le coup de lance\u2019<\/em>. Dans la salle 2.2 du mus\u00e9e, le panneau actuel dit \u2018Anthony Van Dyck dans l&rsquo;atelier de Pierre Paul Rubens\u2019, alors que jusqu&rsquo;\u00e0 r\u00e9cemment, il \u00e9tait au nom de ce dernier.<\/p>\n<p><\/p>\n<p style=\"text-align: justify;\">Le commanditaire de ce tableau \u00e9tait le bourgmestre d\u2019Anvers et m\u00e9c\u00e8ne Nicolas Rockox, qui l&rsquo;avait destin\u00e9 vers 1619-1620 au ma\u00eetre-autel de l&rsquo;\u00e9glise des Fr\u00e8res mineurs (aujourd&rsquo;hui: l&rsquo;Acad\u00e9mie, Mutsaardstraat).<\/p>\n<p><\/p>\n<p style=\"text-align: justify;\">C&rsquo;\u00e9tait peu de temps avant le grand projet de d\u00e9coration des plafonds \u00e0 Saint-Charles-Borrom\u00e9e, dont le contrat de Rubens avec les j\u00e9suites mentionne explicitement Anthony van Dyck.<\/p>\n<p><\/p>\n<p style=\"text-align: justify;\">Peut-on accepter qu&rsquo;une association coop\u00e9rative soit \u00e0 l&rsquo;\u0153uvre ici ? Se souvient-on seulement du r\u00e9alisateur d&rsquo;un film\u00a0? Et qu&rsquo;en est-il du sc\u00e9nariste, du producteur ?<\/p>\n<p><\/p>\n<p style=\"text-align: justify;\">Sur le plan du contenu de ce tableau, il nous apprend \u00e0 voir l&rsquo;imagination de Rubens \u00e0 l\u2019\u0153uvre: le moment crucial est celui o\u00f9 le centurion, pour constat de la mort, perce la c\u00f4te du Crucifi\u00e9 d\u00e9j\u00e0 blafard d&rsquo;un puissant coup; et \u00ab<em>aussit\u00f4t le sang et l&rsquo;eau coul\u00e8rent\u00bb <\/em>(Jean, 19, 34). Marie-Madeleine proteste contre cette violence insens\u00e9e dans un contre-mouvement; Jean et Marie pr\u00e9f\u00e9reraient ne pas voir cette blessure suppl\u00e9mentaire. Au m\u00eame moment, les jambes des malfaiteurs sont cass\u00e9es afin d&rsquo;acc\u00e9l\u00e9rer le processus de leur mort. Leurs corps tordus contrastent dans la composition avec les lignes droites des croix, des lances, de l&rsquo;\u00e9chelle et des jambes des chevaux; seul J\u00e9sus est maintenant immobile. La lumi\u00e8re revient dans le ciel nuageux: l&rsquo;\u00e9clipse solaire mentionn\u00e9e dans les \u00e9vangiles touche \u00e0 sa fin.<\/p>\n<p><\/p>\n<p style=\"text-align: justify;\">Les spectateurs, situ\u00e9s plus bas, apportent du relief dans la repr\u00e9sentation. Leurs images sont un peu floues, mais c&rsquo;est peut-\u00eatre le but: pour qu\u2019ils soient les personnages auxquels le spectateur s&rsquo;identifie. L&rsquo;approche scientifique, au microscope, aux rayons X, \u00e0 la lumi\u00e8re infrarouge, nous apprend \u00e0 identifier l&rsquo;\u00e9criture des peintres individuels, soit du ma\u00eetre soit des \u00e9l\u00e8ves, mais cela laissait les peintres d\u2019antan largement indiff\u00e9rents.<\/p>\n<p><\/p>\n<p style=\"text-align: justify;\">Nous reparlerons de cette \u0153uvre \u00e0 trois endroits de notre itin\u00e9raire: \u00e0 la Mutsaardstraat, pr\u00e8s de \u2018<em>L\u2019Erection de la croix\u2019 <\/em>de Rubens dans la cath\u00e9drale Notre-Dame, et pr\u00e8s du <em>\u2018Christ en Croix\u2019<\/em> de Jordaens dans l&rsquo;\u00e9glise Saint-Paul.<\/p>\n<p><\/p>\n<p style=\"text-align: justify;\"><span style=\"color: #008000;\"><strong>Continuez votre visite dans la <a href=\"https:\/\/van-dyck-antwerpen.be\/fr\/home\/zuid\/kmska\/jordaens-familieconcert\/\">salle 2.11<\/a><\/strong><strong> \u21d2 Elisabeth en concert<\/strong><\/span><\/p>\n\t\t\t\t\t\t\t\t<\/div>\n\t\t\t\t<\/div>\n\t\t\t\t\t<\/div>\n\t\t\t\t<\/div>\n\t\t\t\t<\/div>\n\t\t","protected":false},"excerpt":{"rendered":"<p>Pierre Paul Rubens et Anthony van Dyck : Coup de lance Commencez votre visite \u00e0 la salle 2.2 (salle Rubens) [&hellip;]<\/p>\n","protected":false},"author":1,"featured_media":0,"parent":3128,"menu_order":151,"comment_status":"closed","ping_status":"closed","template":"","meta":{"site-sidebar-layout":"no-sidebar","site-content-layout":"","ast-site-content-layout":"full-width-container","site-content-style":"default","site-sidebar-style":"default","ast-global-header-display":"","ast-banner-title-visibility":"","ast-main-header-display":"","ast-hfb-above-header-display":"","ast-hfb-below-header-display":"","ast-hfb-mobile-header-display":"","site-post-title":"disabled","ast-breadcrumbs-content":"","ast-featured-img":"disabled","footer-sml-layout":"","ast-disable-related-posts":"","theme-transparent-header-meta":"","adv-header-id-meta":"","stick-header-meta":"","header-above-stick-meta":"","header-main-stick-meta":"","header-below-stick-meta":"","astra-migrate-meta-layouts":"default","ast-page-background-enabled":"default","ast-page-background-meta":{"desktop":{"background-color":"var(--ast-global-color-4)","background-image":"","background-repeat":"repeat","background-position":"center center","background-size":"auto","background-attachment":"scroll","background-type":"","background-media":"","overlay-type":"","overlay-color":"","overlay-opacity":"","overlay-gradient":""},"tablet":{"background-color":"","background-image":"","background-repeat":"repeat","background-position":"center center","background-size":"auto","background-attachment":"scroll","background-type":"","background-media":"","overlay-type":"","overlay-color":"","overlay-opacity":"","overlay-gradient":""},"mobile":{"background-color":"","background-image":"","background-repeat":"repeat","background-position":"center center","background-size":"auto","background-attachment":"scroll","background-type":"","background-media":"","overlay-type":"","overlay-color":"","overlay-opacity":"","overlay-gradient":""}},"ast-content-background-meta":{"desktop":{"background-color":"var(--ast-global-color-5)","background-image":"","background-repeat":"repeat","background-position":"center center","background-size":"auto","background-attachment":"scroll","background-type":"","background-media":"","overlay-type":"","overlay-color":"","overlay-opacity":"","overlay-gradient":""},"tablet":{"background-color":"var(--ast-global-color-5)","background-image":"","background-repeat":"repeat","background-position":"center center","background-size":"auto","background-attachment":"scroll","background-type":"","background-media":"","overlay-type":"","overlay-color":"","overlay-opacity":"","overlay-gradient":""},"mobile":{"background-color":"var(--ast-global-color-5)","background-image":"","background-repeat":"repeat","background-position":"center center","background-size":"auto","background-attachment":"scroll","background-type":"","background-media":"","overlay-type":"","overlay-color":"","overlay-opacity":"","overlay-gradient":""}},"footnotes":""},"class_list":["post-3130","page","type-page","status-publish","hentry"],"aioseo_notices":[],"_links":{"self":[{"href":"https:\/\/www.van-dyck-antwerpen.be\/fr\/wp-json\/wp\/v2\/pages\/3130","targetHints":{"allow":["GET"]}}],"collection":[{"href":"https:\/\/www.van-dyck-antwerpen.be\/fr\/wp-json\/wp\/v2\/pages"}],"about":[{"href":"https:\/\/www.van-dyck-antwerpen.be\/fr\/wp-json\/wp\/v2\/types\/page"}],"author":[{"embeddable":true,"href":"https:\/\/www.van-dyck-antwerpen.be\/fr\/wp-json\/wp\/v2\/users\/1"}],"replies":[{"embeddable":true,"href":"https:\/\/www.van-dyck-antwerpen.be\/fr\/wp-json\/wp\/v2\/comments?post=3130"}],"version-history":[{"count":18,"href":"https:\/\/www.van-dyck-antwerpen.be\/fr\/wp-json\/wp\/v2\/pages\/3130\/revisions"}],"predecessor-version":[{"id":6600,"href":"https:\/\/www.van-dyck-antwerpen.be\/fr\/wp-json\/wp\/v2\/pages\/3130\/revisions\/6600"}],"up":[{"embeddable":true,"href":"https:\/\/www.van-dyck-antwerpen.be\/fr\/wp-json\/wp\/v2\/pages\/3128"}],"wp:attachment":[{"href":"https:\/\/www.van-dyck-antwerpen.be\/fr\/wp-json\/wp\/v2\/media?parent=3130"}],"curies":[{"name":"wp","href":"https:\/\/api.w.org\/{rel}","templated":true}]}}

<div data-elementor-type="wp-page" data-elementor-id="3130" class="elementor elementor-3130 elementor-849">
				<div class="elementor-element elementor-element-ad42995 e-flex e-con-boxed e-con e-parent" data-id="ad42995" data-element_type="container" data-e-type="container">
					<div class="e-con-inner">
				<div class="elementor-element elementor-element-dbf73d7 elementor-widget elementor-widget-heading" data-id="dbf73d7" data-element_type="widget" data-e-type="widget" data-widget_type="heading.default">
				<div class="elementor-widget-container">
					<h2 class="elementor-heading-title elementor-size-default">Pierre Paul Rubens et Anthony van Dyck : Coup de lance</h2>				</div>
				</div>
					</div>
				</div>
		<div class="elementor-element elementor-element-16ec065 e-flex e-con-boxed e-con e-parent" data-id="16ec065" data-element_type="container" data-e-type="container">
					<div class="e-con-inner">
				<div class="elementor-element elementor-element-a10a6b6 elementor-widget elementor-widget-text-editor" data-id="a10a6b6" data-element_type="widget" data-e-type="widget" data-widget_type="text-editor.default">
				<div class="elementor-widget-container">
									<p style="text-align: justify;"><strong><span style="color: #008000;">Commencez votre visite à la salle 2.2 (salle Rubens)</span></strong></p>
<p><a href="http://van-dyck-antwerpen.be/wp-content/uploads/151P-KMSKA-AVD-PPR-Lanssteek.jpg"><img fetchpriority="high" decoding="async" class="wp-image-667 size-medium alignleft" src="http://van-dyck-antwerpen.be/wp-content/uploads/151P-KMSKA-AVD-PPR-Lanssteek-221x300.jpg" alt="" width="221" height="300" srcset="https://www.van-dyck-antwerpen.be/wp-content/uploads/151P-KMSKA-AVD-PPR-Lanssteek-221x300.jpg 221w, https://www.van-dyck-antwerpen.be/wp-content/uploads/151P-KMSKA-AVD-PPR-Lanssteek.jpg 755w" sizes="(max-width: 221px) 100vw, 221px" /></a><em>En tant que résidence, nous parlons de la Maison <strong>de</strong> Rubens, en tant qu’atelier, Maison Rubens &amp; Compagnie sonnerait mieux. Qui a peint quoi, en fait ? </em></p>
<hr />
<p></p>
<p style="text-align: justify;">Le catalogue de 1988 cite, parmi les œuvres de Rubens, un ‘<em>Christ crucifié entre deux malfaiteurs’</em>, connu comme ‘<em>Le coup de lance’</em>. Dans la salle 2.2 du musée, le panneau actuel dit ‘Anthony Van Dyck dans l&rsquo;atelier de Pierre Paul Rubens’, alors que jusqu&rsquo;à récemment, il était au nom de ce dernier.</p>
<p></p>
<p style="text-align: justify;">Le commanditaire de ce tableau était le bourgmestre d’Anvers et mécène Nicolas Rockox, qui l&rsquo;avait destiné vers 1619-1620 au maître-autel de l&rsquo;église des Frères mineurs (aujourd&rsquo;hui: l&rsquo;Académie, Mutsaardstraat).</p>
<p></p>
<p style="text-align: justify;">C&rsquo;était peu de temps avant le grand projet de décoration des plafonds à Saint-Charles-Borromée, dont le contrat de Rubens avec les jésuites mentionne explicitement Anthony van Dyck.</p>
<p></p>
<p style="text-align: justify;">Peut-on accepter qu&rsquo;une association coopérative soit à l&rsquo;œuvre ici ? Se souvient-on seulement du réalisateur d&rsquo;un film ? Et qu&rsquo;en est-il du scénariste, du producteur ?</p>
<p></p>
<p style="text-align: justify;">Sur le plan du contenu de ce tableau, il nous apprend à voir l&rsquo;imagination de Rubens à l’œuvre: le moment crucial est celui où le centurion, pour constat de la mort, perce la côte du Crucifié déjà blafard d&rsquo;un puissant coup; et «<em>aussitôt le sang et l&rsquo;eau coulèrent» </em>(Jean, 19, 34). Marie-Madeleine proteste contre cette violence insensée dans un contre-mouvement; Jean et Marie préféreraient ne pas voir cette blessure supplémentaire. Au même moment, les jambes des malfaiteurs sont cassées afin d&rsquo;accélérer le processus de leur mort. Leurs corps tordus contrastent dans la composition avec les lignes droites des croix, des lances, de l&rsquo;échelle et des jambes des chevaux; seul Jésus est maintenant immobile. La lumière revient dans le ciel nuageux: l&rsquo;éclipse solaire mentionnée dans les évangiles touche à sa fin.</p>
<p></p>
<p style="text-align: justify;">Les spectateurs, situés plus bas, apportent du relief dans la représentation. Leurs images sont un peu floues, mais c&rsquo;est peut-être le but: pour qu’ils soient les personnages auxquels le spectateur s&rsquo;identifie. L&rsquo;approche scientifique, au microscope, aux rayons X, à la lumière infrarouge, nous apprend à identifier l&rsquo;écriture des peintres individuels, soit du maître soit des élèves, mais cela laissait les peintres d’antan largement indifférents.</p>
<p></p>
<p style="text-align: justify;">Nous reparlerons de cette œuvre à trois endroits de notre itinéraire: à la Mutsaardstraat, près de ‘<em>L’Erection de la croix’ </em>de Rubens dans la cathédrale Notre-Dame, et près du <em>‘Christ en Croix’</em> de Jordaens dans l&rsquo;église Saint-Paul.</p>
<p></p>
<p style="text-align: justify;"><span style="color: #008000;"><strong>Continuez votre visite dans la <a href="https://van-dyck-antwerpen.be/fr/home/zuid/kmska/jordaens-familieconcert/">salle 2.11</a></strong><strong> ⇒ Elisabeth en concert</strong></span></p>
								</div>
				</div>
					</div>
				</div>
				</div>

<p>Pierre Paul Rubens et Anthony van Dyck : Coup de lance Commencez votre visite à la salle 2.2 (salle Rubens) [&hellip;]</p>
