{"id":3240,"date":"2024-04-12T12:08:47","date_gmt":"2024-04-12T10:08:47","guid":{"rendered":"https:\/\/www.van-dyck-antwerpen.be\/home\/nord\/eglise-saint-paul\/van-dyck-le-portement-de-la-croix\/"},"modified":"2025-08-23T17:07:46","modified_gmt":"2025-08-23T15:07:46","slug":"van-dyck-le-portement-de-la-croix","status":"publish","type":"page","link":"https:\/\/www.van-dyck-antwerpen.be\/fr\/home\/nord\/eglise-saint-paul\/van-dyck-le-portement-de-la-croix\/","title":{"rendered":"Van Dyck: Le Portement de Croix (Myst\u00e8res)"},"content":{"rendered":"\t\t<div data-elementor-type=\"wp-page\" data-elementor-id=\"3240\" class=\"elementor elementor-3240 elementor-187\">\n\t\t\t\t<div class=\"elementor-element elementor-element-ad42995 e-flex e-con-boxed e-con e-parent\" data-id=\"ad42995\" data-element_type=\"container\" data-e-type=\"container\">\n\t\t\t\t\t<div class=\"e-con-inner\">\n\t\t\t\t<div class=\"elementor-element elementor-element-dbf73d7 elementor-widget elementor-widget-heading\" data-id=\"dbf73d7\" data-element_type=\"widget\" data-e-type=\"widget\" data-widget_type=\"heading.default\">\n\t\t\t\t<div class=\"elementor-widget-container\">\n\t\t\t\t\t<h2 class=\"elementor-heading-title elementor-size-default\">Anthony van Dyck : Le Portement de Croix (Myst\u00e8res du Rosaire)<\/h2>\t\t\t\t<\/div>\n\t\t\t\t<\/div>\n\t\t\t\t\t<\/div>\n\t\t\t\t<\/div>\n\t\t<div class=\"elementor-element elementor-element-8b59b53 e-flex e-con-boxed e-con e-parent\" data-id=\"8b59b53\" data-element_type=\"container\" data-e-type=\"container\">\n\t\t\t\t\t<div class=\"e-con-inner\">\n\t\t\t\t<div class=\"elementor-element elementor-element-34dadbb elementor-widget elementor-widget-text-editor\" data-id=\"34dadbb\" data-element_type=\"widget\" data-e-type=\"widget\" data-widget_type=\"text-editor.default\">\n\t\t\t\t<div class=\"elementor-widget-container\">\n\t\t\t\t\t\t\t\t\t<p style=\"text-align: justify;\"><a href=\"http:\/\/van-dyck-antwerpen.be\/wp-content\/uploads\/334P-STP-AVD-Kruisdraging.jpg\"><img fetchpriority=\"high\" decoding=\"async\" class=\"wp-image-621 size-medium alignleft\" src=\"http:\/\/van-dyck-antwerpen.be\/wp-content\/uploads\/334P-STP-AVD-Kruisdraging-227x300.jpg\" alt=\"\" width=\"227\" height=\"300\" srcset=\"https:\/\/www.van-dyck-antwerpen.be\/wp-content\/uploads\/334P-STP-AVD-Kruisdraging-227x300.jpg 227w, https:\/\/www.van-dyck-antwerpen.be\/wp-content\/uploads\/334P-STP-AVD-Kruisdraging-768x1015.jpg 768w, https:\/\/www.van-dyck-antwerpen.be\/wp-content\/uploads\/334P-STP-AVD-Kruisdraging.jpg 775w\" sizes=\"(max-width: 227px) 100vw, 227px\" \/><\/a><\/p>\n<p><\/p>\n<p style=\"text-align: justify;\"><em>Le jeune peintre a fait dix dessins et croquis pr\u00e9paratoires, plus que pour toute autre \u0153uvre d&rsquo;art. La sc\u00e8ne d\u2019une duret\u00e9 rare, en pleine lumi\u00e8re du soleil \u00e0 midi, est accentu\u00e9e par l&rsquo;obscurit\u00e9 qui s\u2019approche.<\/em><\/p>\n<p><\/p>\n<hr \/>\n<p><\/p>\n<p style=\"text-align: justify;\">Le quatri\u00e8me myst\u00e8re douloureux du Rosaire est \u2018Le <em>Portement de la croix\u2019.<\/em> En v\u00e9rit\u00e9, \u2018<em>La Chute du Christ sous la croix\u2019<\/em> serait plus ad\u00e9quat pour la sc\u00e8ne d\u00e9crite ici. L\u2019\u00e9vangile de la Passion d\u00e9crit la r\u00e9quisition de Simon de Cyr\u00e8ne pour aider la Christ \u00e0 porter sa croix. Dans le chemin de croix traditionnel, la d\u00e9votion \u00e0 Marie a abouti \u00e0 l\u2019ajout d\u2019une station, nomm\u00e9e \u2018la rencontre avec les femmes de J\u00e9rusalem qui pleurent\u2019 et \u2018la rencontre entre la m\u00e8re et le fils\u2019.<\/p>\n<p><\/p>\n<p style=\"text-align: justify;\">Lors de la r\u00e9alisation de l&rsquo;ensemble du cycle, en 1617, Anthony Van Dyck avait \u00e0 peine 18 ans. Il ne sera admis comme ma\u00eetre dans la guilde de Saint-Luc que le 11 f\u00e9vrier de l&rsquo;ann\u00e9e suivante, en 1618.<\/p>\n<p><\/p>\n<p style=\"text-align: justify;\">G\u00e9n\u00e9ralement, l\u2019\u00e9laboration d\u2019une peinture est pr\u00e9c\u00e9d\u00e9e d\u2019un dessin ou de plusieurs dessins; dans le meilleur de cas on les retrouve dans des collections publiques ou priv\u00e9es, bien \u00e0 l\u2019abri de la lumi\u00e8re du jour. Aujourd&rsquo;hui, tout le monde est fascin\u00e9 par le <em>making of ..,<\/em> alors que dans le pass\u00e9, seuls les historiens de l&rsquo;art sp\u00e9cialis\u00e9s s&rsquo;int\u00e9ressaient au processus de production.<\/p>\n<p><\/p>\n<p style=\"text-align: justify;\">Pour cette \u0153uvre-ci, pas moins d&rsquo;une dizaine de dessins pr\u00e9paratoires sont connus, faits \u00e0 la plume et au pinceau \u00e0 l&rsquo;encre brune, en noir \u00e0 la craie, bien plus que pour tout autre \u0153uvre. Le Cabinet des estampes d&rsquo;Anvers est propri\u00e9taire de l&rsquo;exemplaire sur lequel les lignes quadrill\u00e9es pr\u00e9parent le transfert vers le tableau.<\/p>\n<p><\/p>\n<p style=\"text-align: justify;\">Van Dyck a d&rsquo;abord plac\u00e9 la composition vers la gauche, avec Marie debout. Sans doute pour respecter la direction du cycle, il a renvers\u00e9 la composition vers la droite, Marie \u00e9tant alors \u00e0 genoux; un des bourreaux soul\u00e8ve le bois de la croix pour que J\u00e9sus puisse se relever.<\/p>\n<p><\/p>\n<p style=\"text-align: justify;\">Dans le tableau achev\u00e9, vous voyez le visage de J\u00e9sus au centre, mais &#8211; comme un petit ver de terre presque pi\u00e9tin\u00e9 &#8211; un peu en dessous du milieu, entre les lignes diagonales form\u00e9es par le b\u00e2ton du commandant, la corde \u00e9tir\u00e9e, les bras tendus.<\/p>\n<p><\/p>\n<p style=\"text-align: justify;\">Le Vendredi Saint, cet \u00e9v\u00e9nement a lieu vers l\u2019heure de midi, ce pourquoi le serviteur de droite re\u00e7oit le plein soleil sur son dos nu et qu&rsquo;une ombre se d\u00e9tache sous son pied gauche l\u00e9g\u00e8rement lev\u00e9. La triste procession monte sur le mont Golgotha, visible par la pente douce en bas \u00e0 droite.<\/p>\n<p><\/p>\n<p style=\"text-align: justify;\">Le voile de Marie et les bords de ses manches captent \u00e9galement un rayon de soleil.<\/p>\n<p><\/p>\n<p style=\"text-align: justify;\">Le drame du face-\u00e0-face de la m\u00e8re et de l&rsquo;enfant est pouss\u00e9 ici \u00e0 l\u2019extr\u00eame, les acteurs sont non pas rebelles mais soumis, parce que ce sacrifice de l&rsquo;amour est accept\u00e9 dans la foi.<\/p>\n<p><\/p>\n<p style=\"text-align: justify;\">Faites le rapport avec la quatri\u00e8me sc\u00e8ne \u2018<em>La Pr\u00e9sentation de J\u00e9sus au Temple\u2019<\/em>, dans laquelle le vieux Sim\u00e9on avait proph\u00e9tis\u00e9 \u00e0 la jeune m\u00e8re \u2018l<em>a douleur te transpercera l\u2019\u00e2me comme une \u00e9p\u00e9e\u2019<\/em> (Lc, 2, 35b): ce qu&rsquo;une m\u00e8re peut souffrir, ou: m\u00e8re un jour, m\u00e8re toujours.<\/p>\n<p><\/p>\n<p style=\"text-align: justify;\">Revenons au tableau: derri\u00e8re elle, Simon de Cyr\u00e8ne soul\u00e8ve la croix. Sa cape rouge le distingue des autres personnages. Compte tenu de l&rsquo;\u00e9clipse solaire imminente, le romain casqu\u00e9 se d\u00e9tache sur un fond sombre; De plus, sa sinistre armure noire est marqu\u00e9e par des \u00e9clairs de lumi\u00e8re.<\/p>\n<p><\/p>\n<p style=\"text-align: justify;\">Comme dans le tout dernier dessin pr\u00e9paratoire, le peintre fait couper les corps de Marie et du bourreau par le bord du cadre, ce qui a un effet suggestif: mentalement, vous compl\u00e9tez vous-m\u00eame les figures manquantes.<\/p>\n<p><\/p>\n<p style=\"text-align: justify;\">Le peintre demande au spectateur une forte concentration visuelle: vous \u00eates oblig\u00e9 de chercher les yeux de J\u00e9sus qui, lui, ne vous regarde pas vous, mais bien sa m\u00e8re, une ligne psychologique que vous devez tracer vous-m\u00eame dans la sc\u00e8ne.<\/p>\n<p><\/p>\n<p style=\"text-align: justify;\"><span style=\"color: #008000;\"><strong>Poursuivez la s\u00e9rie Myst\u00e8res du Rosaire: <a href=\"https:\/\/van-dyck-antwerpen.be\/fr\/home\/noord\/sint-pauluskerk\/jordaens-de-kruisdood\/\"><u>La Mort sur la Croix<\/u><\/a><\/strong><\/span><\/p>\n\t\t\t\t\t\t\t\t<\/div>\n\t\t\t\t<\/div>\n\t\t\t\t\t<\/div>\n\t\t\t\t<\/div>\n\t\t\t\t<\/div>\n\t\t","protected":false},"excerpt":{"rendered":"<p>Anthony van Dyck : Le Portement de Croix (Myst\u00e8res du Rosaire) Le jeune peintre a fait dix dessins et croquis [&hellip;]<\/p>\n","protected":false},"author":1,"featured_media":0,"parent":3225,"menu_order":334,"comment_status":"closed","ping_status":"closed","template":"","meta":{"site-sidebar-layout":"no-sidebar","site-content-layout":"","ast-site-content-layout":"full-width-container","site-content-style":"default","site-sidebar-style":"default","ast-global-header-display":"","ast-banner-title-visibility":"","ast-main-header-display":"","ast-hfb-above-header-display":"","ast-hfb-below-header-display":"","ast-hfb-mobile-header-display":"","site-post-title":"disabled","ast-breadcrumbs-content":"","ast-featured-img":"disabled","footer-sml-layout":"","ast-disable-related-posts":"","theme-transparent-header-meta":"","adv-header-id-meta":"","stick-header-meta":"","header-above-stick-meta":"","header-main-stick-meta":"","header-below-stick-meta":"","astra-migrate-meta-layouts":"default","ast-page-background-enabled":"default","ast-page-background-meta":{"desktop":{"background-color":"var(--ast-global-color-4)","background-image":"","background-repeat":"repeat","background-position":"center center","background-size":"auto","background-attachment":"scroll","background-type":"","background-media":"","overlay-type":"","overlay-color":"","overlay-opacity":"","overlay-gradient":""},"tablet":{"background-color":"","background-image":"","background-repeat":"repeat","background-position":"center center","background-size":"auto","background-attachment":"scroll","background-type":"","background-media":"","overlay-type":"","overlay-color":"","overlay-opacity":"","overlay-gradient":""},"mobile":{"background-color":"","background-image":"","background-repeat":"repeat","background-position":"center center","background-size":"auto","background-attachment":"scroll","background-type":"","background-media":"","overlay-type":"","overlay-color":"","overlay-opacity":"","overlay-gradient":""}},"ast-content-background-meta":{"desktop":{"background-color":"var(--ast-global-color-5)","background-image":"","background-repeat":"repeat","background-position":"center center","background-size":"auto","background-attachment":"scroll","background-type":"","background-media":"","overlay-type":"","overlay-color":"","overlay-opacity":"","overlay-gradient":""},"tablet":{"background-color":"var(--ast-global-color-5)","background-image":"","background-repeat":"repeat","background-position":"center center","background-size":"auto","background-attachment":"scroll","background-type":"","background-media":"","overlay-type":"","overlay-color":"","overlay-opacity":"","overlay-gradient":""},"mobile":{"background-color":"var(--ast-global-color-5)","background-image":"","background-repeat":"repeat","background-position":"center center","background-size":"auto","background-attachment":"scroll","background-type":"","background-media":"","overlay-type":"","overlay-color":"","overlay-opacity":"","overlay-gradient":""}},"footnotes":""},"class_list":["post-3240","page","type-page","status-publish","hentry"],"aioseo_notices":[],"_links":{"self":[{"href":"https:\/\/www.van-dyck-antwerpen.be\/fr\/wp-json\/wp\/v2\/pages\/3240","targetHints":{"allow":["GET"]}}],"collection":[{"href":"https:\/\/www.van-dyck-antwerpen.be\/fr\/wp-json\/wp\/v2\/pages"}],"about":[{"href":"https:\/\/www.van-dyck-antwerpen.be\/fr\/wp-json\/wp\/v2\/types\/page"}],"author":[{"embeddable":true,"href":"https:\/\/www.van-dyck-antwerpen.be\/fr\/wp-json\/wp\/v2\/users\/1"}],"replies":[{"embeddable":true,"href":"https:\/\/www.van-dyck-antwerpen.be\/fr\/wp-json\/wp\/v2\/comments?post=3240"}],"version-history":[{"count":13,"href":"https:\/\/www.van-dyck-antwerpen.be\/fr\/wp-json\/wp\/v2\/pages\/3240\/revisions"}],"predecessor-version":[{"id":6659,"href":"https:\/\/www.van-dyck-antwerpen.be\/fr\/wp-json\/wp\/v2\/pages\/3240\/revisions\/6659"}],"up":[{"embeddable":true,"href":"https:\/\/www.van-dyck-antwerpen.be\/fr\/wp-json\/wp\/v2\/pages\/3225"}],"wp:attachment":[{"href":"https:\/\/www.van-dyck-antwerpen.be\/fr\/wp-json\/wp\/v2\/media?parent=3240"}],"curies":[{"name":"wp","href":"https:\/\/api.w.org\/{rel}","templated":true}]}}

Van Dyck: Le Portement de Croix (Mystères)

<div data-elementor-type="wp-page" data-elementor-id="3240" class="elementor elementor-3240 elementor-187">
				<div class="elementor-element elementor-element-ad42995 e-flex e-con-boxed e-con e-parent" data-id="ad42995" data-element_type="container" data-e-type="container">
					<div class="e-con-inner">
				<div class="elementor-element elementor-element-dbf73d7 elementor-widget elementor-widget-heading" data-id="dbf73d7" data-element_type="widget" data-e-type="widget" data-widget_type="heading.default">
				<div class="elementor-widget-container">
					<h2 class="elementor-heading-title elementor-size-default">Anthony van Dyck : Le Portement de Croix (Mystères du Rosaire)</h2>				</div>
				</div>
					</div>
				</div>
		<div class="elementor-element elementor-element-8b59b53 e-flex e-con-boxed e-con e-parent" data-id="8b59b53" data-element_type="container" data-e-type="container">
					<div class="e-con-inner">
				<div class="elementor-element elementor-element-34dadbb elementor-widget elementor-widget-text-editor" data-id="34dadbb" data-element_type="widget" data-e-type="widget" data-widget_type="text-editor.default">
				<div class="elementor-widget-container">
									<p style="text-align: justify;"><a href="http://van-dyck-antwerpen.be/wp-content/uploads/334P-STP-AVD-Kruisdraging.jpg"><img fetchpriority="high" decoding="async" class="wp-image-621 size-medium alignleft" src="http://van-dyck-antwerpen.be/wp-content/uploads/334P-STP-AVD-Kruisdraging-227x300.jpg" alt="" width="227" height="300" srcset="https://www.van-dyck-antwerpen.be/wp-content/uploads/334P-STP-AVD-Kruisdraging-227x300.jpg 227w, https://www.van-dyck-antwerpen.be/wp-content/uploads/334P-STP-AVD-Kruisdraging-768x1015.jpg 768w, https://www.van-dyck-antwerpen.be/wp-content/uploads/334P-STP-AVD-Kruisdraging.jpg 775w" sizes="(max-width: 227px) 100vw, 227px" /></a></p>
<p></p>
<p style="text-align: justify;"><em>Le jeune peintre a fait dix dessins et croquis préparatoires, plus que pour toute autre œuvre d&rsquo;art. La scène d’une dureté rare, en pleine lumière du soleil à midi, est accentuée par l&rsquo;obscurité qui s’approche.</em></p>
<p></p>
<hr />
<p></p>
<p style="text-align: justify;">Le quatrième mystère douloureux du Rosaire est ‘Le <em>Portement de la croix’.</em> En vérité, ‘<em>La Chute du Christ sous la croix’</em> serait plus adéquat pour la scène décrite ici. L’évangile de la Passion décrit la réquisition de Simon de Cyrène pour aider la Christ à porter sa croix. Dans le chemin de croix traditionnel, la dévotion à Marie a abouti à l’ajout d’une station, nommée ‘la rencontre avec les femmes de Jérusalem qui pleurent’ et ‘la rencontre entre la mère et le fils’.</p>
<p></p>
<p style="text-align: justify;">Lors de la réalisation de l&rsquo;ensemble du cycle, en 1617, Anthony Van Dyck avait à peine 18 ans. Il ne sera admis comme maître dans la guilde de Saint-Luc que le 11 février de l&rsquo;année suivante, en 1618.</p>
<p></p>
<p style="text-align: justify;">Généralement, l’élaboration d’une peinture est précédée d’un dessin ou de plusieurs dessins; dans le meilleur de cas on les retrouve dans des collections publiques ou privées, bien à l’abri de la lumière du jour. Aujourd&rsquo;hui, tout le monde est fasciné par le <em>making of ..,</em> alors que dans le passé, seuls les historiens de l&rsquo;art spécialisés s&rsquo;intéressaient au processus de production.</p>
<p></p>
<p style="text-align: justify;">Pour cette œuvre-ci, pas moins d&rsquo;une dizaine de dessins préparatoires sont connus, faits à la plume et au pinceau à l&rsquo;encre brune, en noir à la craie, bien plus que pour tout autre œuvre. Le Cabinet des estampes d&rsquo;Anvers est propriétaire de l&rsquo;exemplaire sur lequel les lignes quadrillées préparent le transfert vers le tableau.</p>
<p></p>
<p style="text-align: justify;">Van Dyck a d&rsquo;abord placé la composition vers la gauche, avec Marie debout. Sans doute pour respecter la direction du cycle, il a renversé la composition vers la droite, Marie étant alors à genoux; un des bourreaux soulève le bois de la croix pour que Jésus puisse se relever.</p>
<p></p>
<p style="text-align: justify;">Dans le tableau achevé, vous voyez le visage de Jésus au centre, mais &#8211; comme un petit ver de terre presque piétiné &#8211; un peu en dessous du milieu, entre les lignes diagonales formées par le bâton du commandant, la corde étirée, les bras tendus.</p>
<p></p>
<p style="text-align: justify;">Le Vendredi Saint, cet événement a lieu vers l’heure de midi, ce pourquoi le serviteur de droite reçoit le plein soleil sur son dos nu et qu&rsquo;une ombre se détache sous son pied gauche légèrement levé. La triste procession monte sur le mont Golgotha, visible par la pente douce en bas à droite.</p>
<p></p>
<p style="text-align: justify;">Le voile de Marie et les bords de ses manches captent également un rayon de soleil.</p>
<p></p>
<p style="text-align: justify;">Le drame du face-à-face de la mère et de l&rsquo;enfant est poussé ici à l’extrême, les acteurs sont non pas rebelles mais soumis, parce que ce sacrifice de l&rsquo;amour est accepté dans la foi.</p>
<p></p>
<p style="text-align: justify;">Faites le rapport avec la quatrième scène ‘<em>La Présentation de Jésus au Temple’</em>, dans laquelle le vieux Siméon avait prophétisé à la jeune mère ‘l<em>a douleur te transpercera l’âme comme une épée’</em> (Lc, 2, 35b): ce qu&rsquo;une mère peut souffrir, ou: mère un jour, mère toujours.</p>
<p></p>
<p style="text-align: justify;">Revenons au tableau: derrière elle, Simon de Cyrène soulève la croix. Sa cape rouge le distingue des autres personnages. Compte tenu de l&rsquo;éclipse solaire imminente, le romain casqué se détache sur un fond sombre; De plus, sa sinistre armure noire est marquée par des éclairs de lumière.</p>
<p></p>
<p style="text-align: justify;">Comme dans le tout dernier dessin préparatoire, le peintre fait couper les corps de Marie et du bourreau par le bord du cadre, ce qui a un effet suggestif: mentalement, vous complétez vous-même les figures manquantes.</p>
<p></p>
<p style="text-align: justify;">Le peintre demande au spectateur une forte concentration visuelle: vous êtes obligé de chercher les yeux de Jésus qui, lui, ne vous regarde pas vous, mais bien sa mère, une ligne psychologique que vous devez tracer vous-même dans la scène.</p>
<p></p>
<p style="text-align: justify;"><span style="color: #008000;"><strong>Poursuivez la série Mystères du Rosaire: <a href="https://van-dyck-antwerpen.be/fr/home/noord/sint-pauluskerk/jordaens-de-kruisdood/"><u>La Mort sur la Croix</u></a></strong></span></p>
								</div>
				</div>
					</div>
				</div>
				</div>

<p>Anthony van Dyck : Le Portement de Croix (Mystères du Rosaire) Le jeune peintre a fait dix dessins et croquis [&hellip;]</p>
